base 12
14
Convert 1 (base 15) to base 9.
1
What is -5 (base 7) in base 13?
-5
Convert 0 (base 16) to base 3.
0
-10000 (base 2) to base 6
-24
-9 (base 14) to base 10
-9
What is 110 (base 2) in base 14?
6
Convert 1 (base 6) to base 5.
1
Convert -13 (base 16) to base 6.
-31
What is -8b (base 12) in base 14?
-79
Convert -1 (base 13) to base 7.
-1
What is 6 (base 9) in base 6?
10
What is -20 (base 5) in base 15?
-a
-220 (base 6) to base 10
-84
3 (base 11) to base 8
3
What is -110 (base 2) in base 7?
-6
-b (base 14) to base 3
-102
What is 100001001 (base 2) in base 14?
14d
0 (base 7) to base 3
0
Convert 9 (base 15) to base 2.
1001
1 (base 14) to base 5
1
Convert -18 (base 9) to base 11.
-16
What is -f (base 16) in base 8?
-17
What is 5 (base 11) in base 9?
5
Convert -41 (base 10) to base 9.
-45
What is -1 (base 10) in base 16?
-1
-1 (base 10) to base 13
-1
-146 (base 10) to base 13
-b3
What is 1 (base 16) in base 14?
1
What is 2 (base 15) in base 13?
2
Convert -2 (base 10) to base 7.
-2
-6 (base 15) to base 12
-6
What is 0 (base 8) in base 4?
0
What is -3a (base 14) in base 5?
-202
1013 (base 5) to base 9
157
41 (base 14) to base 8
71
Convert 2 (base 5) to base 14.
2
-42 (base 9) to base 6
-102
e (base 16) to base 7
20
-25 (base 7) to base 16
-13
Convert -550 (base 6) to base 15.
-e0
-100110011 (base 2) to base 12
-217
What is -4 (base 9) in base 2?
-100
Convert -8 (base 14) to base 10.
-8
Convert -1 (base 9) to base 8.
-1
-9 (base 16) to base 3
-100
Convert 100 (base 2) to base 6.
4
What is -2 (base 15) in base 2?
-10
What is -131 (base 4) in base 13?
-23
Convert 100001 (base 2) to base 6.
53
Convert -3 (base 11) to base 13.
-3
What is -114 (base 7) in base 13?
-48
Convert -62 (base 10) to base 5.
-222
Convert -143 (base 8) to base 9.
-120
-20 (base 4) to base 10
-8
What is -103 (base 4) in base 15?
-14
What is b (base 12) in base 9?
12
2 (base 3) to base 8
2
What is -1110 (base 2) in base 11?
-13
Convert -6b (base 12) to base 9.
-102
3 (base 14) to base 3
10
What is 55 (base 6) in base 8?
43
100 (base 3) to base 13
9
Convert -3003 (base 4) to base 2.
-11000011
What is -33 (base 11) in base 5?
-121
What is 110 (base 7) in base 2?
111000
101 (base 2) to base 3
12
What is -2 (base 14) in base 4?
-2
What is 2 (base 9) in base 16?
2
-8 (base 12) to base 4
-20
2 (base 11) to base 9
2
-122 (base 3) to base 5
-32
Convert -a (base 15) to base 6.
-14
Convert 5 (base 6) to base 3.
12
What is 105 (base 8) in base 15?
49
-133 (base 8) to base 3
-10101
What is 11 (base 5) in base 9?
6
What is -b (base 15) in base 2?
-1011
-21 (base 11) to base 7
-32
Convert 0 (base 11) to base 9.
0
Convert 7 (base 12) to base 3.
21
What is -4 (base 14) in base 12?
-4
Convert 13 (base 8) to base 13.
b
What is 42 (base 11) in base 9?
51
-8 (base 14) to base 12
-8
Convert -27 (base 9) to base 12.
-21
-a1 (base 16) to base 10
-161
Convert 2 (base 4) to base 9.
2
What is 3 (base 5) in base 8?
3
Convert 8 (base 9) to base 12.
8
What is 0 (base 10) in base 9?
0
What is 133 (base 9) in base 11?
a1
Convert -100110 (base 2) to base 12.
-32
4 (base 11) to base 2
100
What is 2f (base 16) in base 4?
233
Convert -126 (base 7) to base 4.
-1011
What is 0 (base 3) in base 14?
0
-84 (base 15) to base 3
-11121
What is -1 (base 8) in base 4?
-1
-11011 (base 2) to base 12
-23
-a (base 14) to base 2
-1010
Convert 173 (base 8) to base 5.
443
Convert 168 (base 14) to base 3.
101200
Convert -1100 (base 3) to base 9.
-40
-7 (base 10) to base 7
-10
What is 1000000 (base 2) in base 10?
64
What is 0 (base 13) in base 16?
0
Convert 10 (base 12) to base 3.
110
Convert -22000 (base 3) to base 12.
-160
What is 8 (base 11) in base 5?
13
Convert -3 (base 5) to base 2.
-11
What is -86 (base 9) in base 16?
-4e
6 (base 11) to base 12
6
What is 32 (base 6) in base 9?
22
What is 5 (base 7) in base 16?
5
What is 9 (base 10) in base 4?
21
Convert 39 (base 15) to base 9.
60
What is 35 (base 9) in base 4?
200
Convert -20 (base 4) to base 3.
-22
Convert 52 (base 7) to base 15.
27
Convert 12 (base 6) to base 16.
8
-24 (base 15) to base 16
-22
Convert 2212 (base 3) to base 12.
65
204 (base 10) to base 15
d9
-2 (base 3) to base 7
-2
Convert 11001 (base 2) to base 14.
1b
Convert -3b (base 14) to base 4.
-311
What is 50 (base 16) in base 4?
1100
What is 63 (base 11) in base 9?
76
What is -4 (base 11) in base 3?
-11
Convert 1 (base 4) to base 10.
1
What is -27 (base 9) in base 2?
-11001
Convert -2220 (base 3) to base 5.
-303
-a (base 12) to base 10
-10
What is 80 (base 11) in base 10?
88
What is 13 (base 4) in base 3?
21
What is -2 (base 3) in base 9?
-2
Convert -99 (base 13) to base 6.
-330
Convert 135 (base 6) to base 5.
214
1 (base 9) to base 5
1
Convert 6 (base 8) to base 16.
6
Convert -10 (base 2) to base 16.
-2
Convert -2 (base 15) to base 16.
-2
What is 2 (base 6) in base 3?
2
-10 (base 5) to base 15
-5
What is -1 (base 16) in base 15?
-1
What is -163 (base 7) in base 16?
-5e
13 (base 8) to base 3
102
5 (base 15) to base 5
10
Convert 171 (base 8) to base 15.
81
What is 11112 (base 3) in base 14?
8a
Convert 1 (base 10) to base 12.
1
Convert 6 (base 10) to base 8.
6
What is 36 (base 10) in base 8?
44
Convert 1e (base 15) to base 8.
35
-2 (base 12) to base 4
-2
-31 (base 4) to base 8
-15
What is 4 (base 16) in base 6?
4
What is 111011 (base 2) in base 8?
73
What is 2001 (base 4) in base 8?
201
Convert -1110 (base 2) to base 4.
-32
Convert 4 (base 11) to base 8.
4
What is -30 (base 5) in base 16?
-f
2 (base 9) to base 5
2
Convert -563 (base 7) to base 5.
-2130
-5 (base 7) to base 11
-5
18 (base 16) to base 4
120
What is 1 (base 10) in base 8?
1
What is 28 (base 12) in base 15?
22
Convert -2100 (base 3) to base 6.
-143
Convert -47 (base 13) to base 8.
-73
-1d (base 15) to base 10
-28
Convert 0 (base 12) to base 11.
0
-52 (base 8) to base 14
-30
What is c (base 15) in base 10?
12
Convert 1 (base 14) to base 12.
1
Convert 3 (base 12) to base 14.
3
1b (base 15) to base 6
42
What is -24 (base 6) in base 8?
-20
What is -69 (base 13) in base 9?
-106
1f (base 16) to base 11
29
What is -1101 (base 2) in base 11?
-12
What is -110 (base 6) in base 12?
-36
Convert 206 (base 13) to base 7.
1001
Convert e8 (base 16) to base 4.
3220
Convert -51 (base 6) to base 5.
-111
Convert 16 (base 11) to base 14.
13
Convert 11 (base 7) to base 13.
8
What is -101 (base 7) in base 12?
-42
What is 120 (base 4) in base 10?
24
-4 (base 16) to base 12
-4
220 (base 4) to base 8
50
1110 (base 6) to base 3
100120
a0 (base 13) to base 6
334
Convert 116 (base 7) to base 11.
57
Convert 2 (base 15) to base 3.
2
Convert -7 (base 15) to base 5.
-12
-1c (base 16) to base 8
-34
0 (base 16) to base 11
0
What is 25 (base 8) in base 14?
17
36 (base 7) to base 12
23
What is -14 (base 5) in base 11?
-9
d3 (base 15) to base 8
306
-24 (base 5) to base 13
-11
What is 110001 (base 2) in base 5?
144
-431 (base 6) to base 13
-c7
Convert 2c (base 13) to base 2.
100110
7 (base 14) to base 11
7
2 (base 11) to base 2
10
Convert -4 (base 15) to base 14.
-4
Convert 4 (base 16) to base 5.
4
-15 (base 9) to base 15
-e
33 (base 11) to base 10
36
Convert -110 (base 8) to base 7.
-132
Convert 35 (base 16) to base 11.
49
Convert -100 (base 2) to base 13.
-4
Convert 0 (base 8) to base 2.
0
-2 (base 10) to base 16
-2
What is -b (base 16) in base 11?
-10
Convert 4 (base 6) to base 11.
4
Convert -9 (base 16) to base 6.
-13
-174 (base 8) to base 6
-324
What is 121 (base 5) in base 12?
30
-20101 (base 3) to base 8
-254
What is -3 (base 6) in base 16?
-3
What is 19 (base 13) in base 11?
20
What is -111 (base 2) in base 11?
-7
Convert -15 (base 10) to base 15.
-10
Convert 3 (base 13) to base 11.
3
What is 2c (base 13) in base 11?
35
What is 123 (base 9) in base 2?
1100110
Convert 30 (base 5) to base 3.
120
22 (base 3) to base 16
8
-41 (base 7) to base 5
-104
What is 6 (base 12) in base 5?
11
Convert 76 (base 8) to base 14.
46
6 (base 9) to base 5
11
-32 (base 12) to base 9
-42
Convert -231 (base 4) to base 7.
-63
Convert 12 (base 6) to base 16.
8
39 (base 11) to base 12
36
41 (base 12) to base 16
31
-2 (base 4) to base 2
-10
Convert -1 (base 10) to base 11.
-1
Convert -2142 (base 5) to base 14.
-173
-18 (base 12) to base 10
-20
Convert 13b (base 13) to base 8.
333
-17 (base 14) to base 10
-21